 hundreds digit of 176?
1
What is the hundreds digit of 2965?
9
What is the hundreds digit of 17501?
5
What is the units digit of 1148?
8
What is the ten thousands digit of 34434?
3
What is the units digit of 1302?
2
What is the units digit of 542?
2
What is the hundreds digit of 47248?
2
What is the units digit of 5370?
0
What is the tens digit of 1370?
7
What is the thousands digit of 8302?
8
What is the tens digit of 93394?
9
What is the ten thousands digit of 84953?
8
What is the tens digit of 2359?
5
What is the tens digit of 376?
7
What is the units digit of 3468?
8
What is the hundreds digit of 67971?
9
What is the tens digit of 43315?
1
What is the hundreds digit of 40624?
6
What is the tens digit of 5120?
2
What is the tens digit of 379?
7
What is the thousands digit of 20059?
0
What is the ten thousands digit of 35618?
3
What is the tens digit of 3231?
3
What is the tens digit of 24529?
2
What is the thousands digit of 24798?
4
What is the hundreds digit of 4942?
9
What is the hundreds digit of 2961?
9
What is the units digit of 60651?
1
What is the thousands digit of 1016?
1
What is the ten thousands digit of 11260?
1
What is the thousands digit of 33109?
3
What is the units digit of 6404?
4
What is the tens digit of 68078?
7
What is the units digit of 736?
6
What is the units digit of 36549?
9
What is the units digit of 2297?
7
What is the hundreds digit of 438?
4
What is the hundreds digit of 1274?
2
What is the units digit of 9386?
6
What is the hundreds digit of 1774?
7
What is the tens digit of 3183?
8
What is the hundreds digit of 18150?
1
What is the tens digit of 48510?
1
What is the units digit of 2826?
6
What is the hundreds digit of 36068?
0
What is the units digit of 18137?
7
What is the thousands digit of 16489?
6
What is the tens digit of 4254?
5
What is the tens digit of 15011?
1
What is the hundreds digit of 1883?
8
What is the thousands digit of 18767?
8
What is the tens digit of 34335?
3
What is the units digit of 15?
5
What is the hundred thousands digit of 107231?
1
What is the hundreds digit of 6626?
6
What is the units digit of 1692?
2
What is the thousands digit of 27637?
7
What is the units digit of 33293?
3
What is the hundreds digit of 1236?
2
What is the units digit of 384?
4
What is the units digit of 7495?
5
What is the units digit of 95665?
5
What is the thousands digit of 1220?
1
What is the hundreds digit of 3747?
7
What is the thousands digit of 7948?
7
What is the tens digit of 1366?
6
What is the tens digit of 4627?
2
What is the hundreds digit of 32787?
7
What is the thousands digit of 53663?
3
What is the tens digit of 764?
6
What is the tens digit of 44810?
1
What is the units digit of 740?
0
What is the tens digit of 6099?
9
What is the units digit of 43018?
8
What is the hundreds digit of 18414?
4
What is the hundreds digit of 8538?
5
What is the hundreds digit of 103121?
1
What is the tens digit of 34548?
4
What is the tens digit of 51153?
5
What is the tens digit of 15824?
2
What is the tens digit of 1506?
0
What is the thousands digit of 16245?
6
What is the units digit of 143?
3
What is the thousands digit of 18398?
8
What is the thousands digit of 4447?
4
What is the units digit of 5790?
0
What is the thousands digit of 5141?
5
What is the hundreds digit of 942?
9
What is the units digit of 906?
6
What is the units digit of 18954?
4
What is the thousands digit of 11592?
1
What is the thousands digit of 12800?
2
What is the hundreds digit of 1302?
3
What is the thousands digit of 38645?
8
What is the thousands digit of 5954?
5
What is the tens digit of 313?
1
What is the tens digit of 2544?
4
What is the hundreds digit of 24559?
5
What is the units digit of 3671?
1
What is the tens digit of 14896?
9
What is the tens digit of 2037?
3
What is the units digit of 364?
4
What is the ten thousands digit of 11120?
1
What is the units digit of 2012?
2
What is the units digit of 579?
9
What is the thousands digit of 18528?
8
What is the hundreds digit of 733?
7
What is the ten thousands digit of 16811?
1
What is the units digit of 69?
9
What is the thousands digit of 4595?
4
What is the hundreds digit of 6227?
2
What is the units digit of 24157?
7
What is the hundreds digit of 9946?
9
What is the tens digit of 22038?
3
What is the ten thousands digit of 24378?
2
What is the units digit of 52646?
6
What is the hundreds digit of 1955?
9
What is the units digit of 2119?
9
What is the hundreds digit of 19370?
3
What is the tens digit of 7668?
6
What is the hundreds digit of 7624?
6
What is the units digit of 4136?
6
What is the units digit of 121?
1
What is the units digit of 2?
2
What is the units digit of 10475?
5
What is the hundreds digit of 5136?
1
What is the hundreds digit of 58167?
1
What is the thousands digit of 1609?
1
What is the ten thousands digit of 18687?
1
What is the hundreds digit of 131?
1
What is the tens digit of 86437?
3
What is the ten thousands digit of 25221?
2
What is the thousands digit of 2780?
2
What is the tens digit of 21?
2
What is the hundreds digit of 6006?
0
What is the tens digit of 515?
1
What is the hundreds digit of 74278?
2
What is the tens digit of 3639?
3
What is the hundreds digit of 40795?
7
What is the tens digit of 6465?
6
What is the tens digit of 740?
4
What is the ten thousands digit of 12420?
1
What is the tens digit of 3666?
6
What is the hundreds digit of 71612?
6
What is the hundreds digit of 2234?
2
What is the thousands digit of 29703?
9
What is the tens digit of 13699?
9
What is the units digit of 137?
7
What is the units digit of 83?
3
What is the hundreds digit of 15124?
1
What is the units digit of 6683?
3
What is the thousands digit of 5881?
5
What is the hundreds digit of 1149?
1
What is the units digit of 1705?
5
What is the hundreds digit of 7491?
4
What is the thousands digit of 40659?
0
What is the units digit of 253?
3
What is the units digit of 5681?
1
What is the hundreds digit of 30640?
6
What is the hundreds digit of 5717?
7
What is the hundreds digit of 376?
3
What is the units digit of 500?
0
What is the tens digit of 3146?
4
What is the units digit of 1506?
6
What is the tens digit of 4698?
9
What is the tens digit of 4724?
2
What is the hundreds digit of 1312?
3
What is the tens digit of 803?
0
What is the hundreds digit of 21740?
7
What is the units digit of 48173?
3
What is the tens digit of 49725?
2
What is the tens digit of 21?
2
What is the thousands digit of 3783?
3
What is the tens digit of 1414?
1
What is the ten thousands digit of 27915?
2
What is the tens digit of 4468?
6
What is the units digit of 6900?
0
What is the units digit of 6360?
0
What is the tens digit of 6595?
9
What is the thousands digit of 3211?
3
What is the hundreds digit of 28362?
3
What is the tens digit of 2294?
9
What is the hundreds digit of 41770?
7
What is the ten thousands digit of 96687?
9
What is the tens digit of 1079?
7
What is the thousands digit of 2932?
2
What is the units digit of 12224?
4
What is the hundreds digit of 30132?
1
What is the hundreds digit of 428?
4
What is the tens digit of 19054?
5
What is the hundreds digit of 1500?
5
What is the ten thousands digit of 15401?
1
What is the hundreds digit of 4068?
0
What is the thousands digit of 78025?
8
What is the units digit of 484?
4
What is the tens digit of 1161?
6
What is the units digit of 10722?
2
What is the tens digit of 15362?
6
What is the units digit of 26757?
7
What is the hundreds digit of 112925?
9
What is the tens digit of 4415?
1
What is the tens digit of 24018?
1
What is the tens digit of 1144?
4
What is the ten thousands digit of 11878?
1
What is the ten thousands digit of 10102?
1
What is the thousands digit of 7483?
7
What is the hundreds digit of 7561?
5
What is the units digit of 49304?
4
What is the units digit of 3078?
8
What is the ten thousands digit of 45945?
4
What is the ten thousands digit of 75611?
7
What is the thousands digit of 9911?
9
What is the units digit of 51?
1
What is the tens digit of 12434?
3
What is the thousands digit of 3094?
3
What is the units digit of 592?
2
What is the hundreds digit of 42264?
2
What is the tens digit of 134?
3
What is the tens digit of 2577?
7
What is the thousands digit of 8802?
8
What is the thousands digit 